{"id":1355,"date":"2021-02-02T08:21:22","date_gmt":"2021-02-02T08:21:22","guid":{"rendered":"http:\/\/gesangunterrichtmuenchen.de\/?page_id=1355"},"modified":"2024-09-25T20:08:27","modified_gmt":"2024-09-25T20:08:27","slug":"home","status":"publish","type":"page","link":"https:\/\/erstaunlichsingenlernen.de\/","title":{"rendered":"Zum Gesangsunterricht"},"content":{"rendered":"<div class=\"wp-block-image\">\n<figure class=\"alignright\"><a href=\"https:\/\/web.archive.org\/web\/20210624025223\/http:\/\/www.gesangunterrichtmuenchen.de\/kurzbiographie\/olympus-digital-camera-2\/\"><img decoding=\"async\" src=\"https:\/\/web.archive.org\/web\/20210624025223im_\/http:\/\/www.cellophil.de\/gesangunterricht\/wp-content\/uploads\/2014\/01\/2-e1390589914304-280x300.jpg\" alt=\"\" class=\"wp-image-219\"\/><\/a><\/figure>\n<\/div>\n\n\n<h2 class=\"wp-block-heading\"><em><strong>Singen ist\u2026 der Seele Fl\u00fcgel verleihen<\/strong><\/em><\/h2>\n\n\n\n<h3 class=\"wp-block-heading\"><\/h3>\n\n\n\n<p>Jeder kann singen lernen mit professionellem Gesangsuntericht!<\/p>\n\n\n\n<p>Wann haben Sie das letzte Mal \u00fcber ihre Gesangsstimme gestaunt? \u00dcber Ihre Fortschritte, Ihre stimmlichen M\u00f6glichkeiten, Ihr Stimmpotential, Ihren Stimmklang, Ihren Stimmunfang? <\/p>\n\n\n\n<p>Was f\u00fcr jemanden erstaunlich ist beim Singen ist individuell: z.B. Stimmumfang erweitern von einer gro\u00dfen Terz auf 2 Oktaven, Selbstbewu\u00dftes Auftreten vor Publikum, statt gro\u00dfer Anstrengung Wohlgef\u00fchl und Wohlklang, von einer Laienstimme zu professioneller Klanggestaltung, Bestehen der Aufnahmepr\u00fcfung an einer renommierten Musicalakademie, erfolgreiche Konzerte geben.<br>Dies sind nur ein paar Beispiele aus dem Unterricht.<\/p>\n\n\n\n<p><br><\/p>\n\n\n\n<h2 class=\"wp-block-heading\">Professionell ausgebildet (Diplom)\u221a<\/h2>\n\n\n\n<h2 class=\"wp-block-heading\">aktiver S\u00e4nger\u221a<\/h2>\n\n\n\n<h2 class=\"wp-block-heading\">langj\u00e4hrige Erfahrung im Unterrichten\u221a<\/h2>\n\n\n\n<h2 class=\"wp-block-heading\">zufriedene Gesangssch\u00fcler (Feedback)\u221a<\/h2>\n\n\n\n<h2 class=\"wp-block-heading\">f\u00fcr&nbsp; Anf\u00e4nger, Fortgeschrittene und Profis\u221a<\/h2>\n\n\n\n<h2 class=\"wp-block-heading\">gut erreichbar (M\u00fcnchner Freiheit)\u221a<\/h2>\n\n\n\n<h2 class=\"wp-block-heading\">Erfolgsgarantie\u221a<\/h2>\n\n\n\n<h2 class=\"wp-block-heading\" style=\"font-size:22px\">Gerne auch Onlineunterricht\u221a<\/h2>\n\n\n\n<p class=\"has-medium-font-size\">Die Gesangssch\u00fcler haben unterschiedliche Bed\u00fcrfnisse zur Bew\u00e4ltigung ihrer stimmlichen Herausforderungen oder Verwirklichung ihrer gesanglichen Ziele.                                                                                                   Sie kommen mit Fragen wie: Wie kann ich mit mehr Wohlgef\u00fchl, weniger Anstrengung singen? Wie lassen sich meine stimmlichen M\u00f6glichkeiten in Umfang, Dynamik, Ausgeglichenheit, Wohlklang, Ausdruck erweitern? Wie kann ich mit mehr Freude singen? Wie wird aus meiner Laienstimme eine Stimme mit professioneller Qualit\u00e4t? Wie gehe ich mit Auftritts\u00e4ngsten um?                                                                                                                             Auf diese Fragen gibt der Gesangsunterricht konkrete und praktische Antworten mit effektiven \u00dcbungen und Anleitungen. Schon in der ersten Stunde sind deutlich h\u00f6rbare Fortschritte die Regel. Anhand von Liedern, Arien und Songs wird die erarbeitete Gesangsf\u00e4higkeit weiter vertieft und verinnerlicht.<\/p>\n\n\n\n<p><\/p>\n\n\n\n<h2 class=\"wp-block-heading\"><\/h2>\n","protected":false},"excerpt":{"rendered":"<p>Singen ist\u2026 der Seele Fl\u00fcgel verleihen Jeder kann singen lernen mit professionellem Gesangsuntericht! Wann haben Sie das letzte Mal \u00fcber ihre Gesangsstimme gestaunt? \u00dcber Ihre Fortschritte, Ihre stimmlichen M\u00f6glichkeiten, Ihr Stimmpotential, Ihren Stimmklang, Ihren Stimmunfang? Was f\u00fcr jemanden erstaunlich ist &hellip; <a href=\"https:\/\/erstaunlichsingenlernen.de\/\">Weiterlesen <span class=\"meta-nav\">&rarr;<\/span><\/a><\/p>\n","protected":false},"author":1,"featured_media":0,"parent":0,"menu_order":0,"comment_status":"closed","ping_status":"closed","template":"","meta":{"om_disable_all_campaigns":false,"_monsterinsights_skip_tracking":false,"_monsterinsights_sitenote_active":false,"_monsterinsights_sitenote_note":"","_monsterinsights_sitenote_category":0,"footnotes":""},"class_list":["post-1355","page","type-page","status-publish","hentry"],"yoast_head":"<!-- This site is optimized with the Yoast SEO plugin v27.3 - https:\/\/yoast.com\/product\/yoast-seo-wordpress\/ -->\n<title>Zum Gesangsunterricht - Gesangsunterricht M\u00fcnchen<\/title>\n<meta name=\"description\" content=\"Der Gesangsunterricht ist f\u00fcr Anf\u00e4nger und Profis, Online und pers\u00f6nlich, klassischer Gesang, Pop, Jazz, Musical\" \/>\n<meta name=\"robots\" content=\"index, follow, max-snippet:-1, max-image-preview:large, max-video-preview:-1\" \/>\n<link rel=\"canonical\" href=\"https:\/\/erstaunlichsingenlernen.de\/\" \/>\n<meta property=\"og:locale\" content=\"de_DE\" \/>\n<meta property=\"og:type\" content=\"article\" \/>\n<meta property=\"og:title\" content=\"Zum Gesangsunterricht - Gesangsunterricht M\u00fcnchen\" \/>\n<meta property=\"og:description\" content=\"Der Gesangsunterricht ist f\u00fcr Anf\u00e4nger und Profis, Online und pers\u00f6nlich, klassischer Gesang, Pop, Jazz, Musical\" \/>\n<meta property=\"og:url\" content=\"https:\/\/erstaunlichsingenlernen.de\/\" \/>\n<meta property=\"og:site_name\" content=\"Gesangsunterricht M\u00fcnchen\" \/>\n<meta property=\"article:modified_time\" content=\"2024-09-25T20:08:27+00:00\" \/>\n<meta property=\"og:image\" content=\"https:\/\/web.archive.org\/web\/20210624025223im_\/http:\/\/www.cellophil.de\/gesangunterricht\/wp-content\/uploads\/2014\/01\/2-e1390589914304-280x300.jpg\" \/>\n<meta name=\"twitter:card\" content=\"summary_large_image\" \/>\n<meta name=\"twitter:label1\" content=\"Gesch\u00e4tzte Lesezeit\" \/>\n\t<meta name=\"twitter:data1\" content=\"2\u00a0Minuten\" \/>\n<script type=\"application\/ld+json\" class=\"yoast-schema-graph\">{\"@context\":\"https:\\\/\\\/schema.org\",\"@graph\":[{\"@type\":\"WebPage\",\"@id\":\"https:\\\/\\\/erstaunlichsingenlernen.de\\\/\",\"url\":\"https:\\\/\\\/erstaunlichsingenlernen.de\\\/\",\"name\":\"Zum Gesangsunterricht - Gesangsunterricht M\u00fcnchen\",\"isPartOf\":{\"@id\":\"https:\\\/\\\/erstaunlichsingenlernen.de\\\/#website\"},\"primaryImageOfPage\":{\"@id\":\"https:\\\/\\\/erstaunlichsingenlernen.de\\\/#primaryimage\"},\"image\":{\"@id\":\"https:\\\/\\\/erstaunlichsingenlernen.de\\\/#primaryimage\"},\"thumbnailUrl\":\"https:\\\/\\\/web.archive.org\\\/web\\\/20210624025223im_\\\/http:\\\/\\\/www.cellophil.de\\\/gesangunterricht\\\/wp-content\\\/uploads\\\/2014\\\/01\\\/2-e1390589914304-280x300.jpg\",\"datePublished\":\"2021-02-02T08:21:22+00:00\",\"dateModified\":\"2024-09-25T20:08:27+00:00\",\"description\":\"Der Gesangsunterricht ist f\u00fcr Anf\u00e4nger und Profis, Online und pers\u00f6nlich, klassischer Gesang, Pop, Jazz, Musical\",\"breadcrumb\":{\"@id\":\"https:\\\/\\\/erstaunlichsingenlernen.de\\\/#breadcrumb\"},\"inLanguage\":\"de\",\"potentialAction\":[{\"@type\":\"ReadAction\",\"target\":[\"https:\\\/\\\/erstaunlichsingenlernen.de\\\/\"]}]},{\"@type\":\"ImageObject\",\"inLanguage\":\"de\",\"@id\":\"https:\\\/\\\/erstaunlichsingenlernen.de\\\/#primaryimage\",\"url\":\"https:\\\/\\\/web.archive.org\\\/web\\\/20210624025223im_\\\/http:\\\/\\\/www.cellophil.de\\\/gesangunterricht\\\/wp-content\\\/uploads\\\/2014\\\/01\\\/2-e1390589914304-280x300.jpg\",\"contentUrl\":\"https:\\\/\\\/web.archive.org\\\/web\\\/20210624025223im_\\\/http:\\\/\\\/www.cellophil.de\\\/gesangunterricht\\\/wp-content\\\/uploads\\\/2014\\\/01\\\/2-e1390589914304-280x300.jpg\"},{\"@type\":\"BreadcrumbList\",\"@id\":\"https:\\\/\\\/erstaunlichsingenlernen.de\\\/#breadcrumb\",\"itemListElement\":[{\"@type\":\"ListItem\",\"position\":1,\"name\":\"Startseite\",\"item\":\"https:\\\/\\\/erstaunlichsingenlernen.de\\\/\"},{\"@type\":\"ListItem\",\"position\":2,\"name\":\"Zum Gesangsunterricht\"}]},{\"@type\":\"WebSite\",\"@id\":\"https:\\\/\\\/erstaunlichsingenlernen.de\\\/#website\",\"url\":\"https:\\\/\\\/erstaunlichsingenlernen.de\\\/\",\"name\":\"Gesangsunterricht M\u00fcnchen\",\"description\":\"Besser  singen lernen\",\"publisher\":{\"@id\":\"https:\\\/\\\/erstaunlichsingenlernen.de\\\/#organization\"},\"potentialAction\":[{\"@type\":\"SearchAction\",\"target\":{\"@type\":\"EntryPoint\",\"urlTemplate\":\"https:\\\/\\\/erstaunlichsingenlernen.de\\\/?s={search_term_string}\"},\"query-input\":{\"@type\":\"PropertyValueSpecification\",\"valueRequired\":true,\"valueName\":\"search_term_string\"}}],\"inLanguage\":\"de\"},{\"@type\":\"Organization\",\"@id\":\"https:\\\/\\\/erstaunlichsingenlernen.de\\\/#organization\",\"name\":\"Gesangsunterricht M\u00fcnchen\",\"url\":\"https:\\\/\\\/erstaunlichsingenlernen.de\\\/\",\"logo\":{\"@type\":\"ImageObject\",\"inLanguage\":\"de\",\"@id\":\"https:\\\/\\\/erstaunlichsingenlernen.de\\\/#\\\/schema\\\/logo\\\/image\\\/\",\"url\":\"\",\"contentUrl\":\"\",\"caption\":\"Gesangsunterricht M\u00fcnchen\"},\"image\":{\"@id\":\"https:\\\/\\\/erstaunlichsingenlernen.de\\\/#\\\/schema\\\/logo\\\/image\\\/\"}}]}<\/script>\n<!-- \/ Yoast SEO plugin. -->","yoast_head_json":{"title":"Zum Gesangsunterricht - Gesangsunterricht M\u00fcnchen","description":"Der Gesangsunterricht ist f\u00fcr Anf\u00e4nger und Profis, Online und pers\u00f6nlich, klassischer Gesang, Pop, Jazz, Musical","robots":{"index":"index","follow":"follow","max-snippet":"max-snippet:-1","max-image-preview":"max-image-preview:large","max-video-preview":"max-video-preview:-1"},"canonical":"https:\/\/erstaunlichsingenlernen.de\/","og_locale":"de_DE","og_type":"article","og_title":"Zum Gesangsunterricht - Gesangsunterricht M\u00fcnchen","og_description":"Der Gesangsunterricht ist f\u00fcr Anf\u00e4nger und Profis, Online und pers\u00f6nlich, klassischer Gesang, Pop, Jazz, Musical","og_url":"https:\/\/erstaunlichsingenlernen.de\/","og_site_name":"Gesangsunterricht M\u00fcnchen","article_modified_time":"2024-09-25T20:08:27+00:00","og_image":[{"url":"https:\/\/web.archive.org\/web\/20210624025223im_\/http:\/\/www.cellophil.de\/gesangunterricht\/wp-content\/uploads\/2014\/01\/2-e1390589914304-280x300.jpg","type":"","width":"","height":""}],"twitter_card":"summary_large_image","twitter_misc":{"Gesch\u00e4tzte Lesezeit":"2\u00a0Minuten"},"schema":{"@context":"https:\/\/schema.org","@graph":[{"@type":"WebPage","@id":"https:\/\/erstaunlichsingenlernen.de\/","url":"https:\/\/erstaunlichsingenlernen.de\/","name":"Zum Gesangsunterricht - Gesangsunterricht M\u00fcnchen","isPartOf":{"@id":"https:\/\/erstaunlichsingenlernen.de\/#website"},"primaryImageOfPage":{"@id":"https:\/\/erstaunlichsingenlernen.de\/#primaryimage"},"image":{"@id":"https:\/\/erstaunlichsingenlernen.de\/#primaryimage"},"thumbnailUrl":"https:\/\/web.archive.org\/web\/20210624025223im_\/http:\/\/www.cellophil.de\/gesangunterricht\/wp-content\/uploads\/2014\/01\/2-e1390589914304-280x300.jpg","datePublished":"2021-02-02T08:21:22+00:00","dateModified":"2024-09-25T20:08:27+00:00","description":"Der Gesangsunterricht ist f\u00fcr Anf\u00e4nger und Profis, Online und pers\u00f6nlich, klassischer Gesang, Pop, Jazz, Musical","breadcrumb":{"@id":"https:\/\/erstaunlichsingenlernen.de\/#breadcrumb"},"inLanguage":"de","potentialAction":[{"@type":"ReadAction","target":["https:\/\/erstaunlichsingenlernen.de\/"]}]},{"@type":"ImageObject","inLanguage":"de","@id":"https:\/\/erstaunlichsingenlernen.de\/#primaryimage","url":"https:\/\/web.archive.org\/web\/20210624025223im_\/http:\/\/www.cellophil.de\/gesangunterricht\/wp-content\/uploads\/2014\/01\/2-e1390589914304-280x300.jpg","contentUrl":"https:\/\/web.archive.org\/web\/20210624025223im_\/http:\/\/www.cellophil.de\/gesangunterricht\/wp-content\/uploads\/2014\/01\/2-e1390589914304-280x300.jpg"},{"@type":"BreadcrumbList","@id":"https:\/\/erstaunlichsingenlernen.de\/#breadcrumb","itemListElement":[{"@type":"ListItem","position":1,"name":"Startseite","item":"https:\/\/erstaunlichsingenlernen.de\/"},{"@type":"ListItem","position":2,"name":"Zum Gesangsunterricht"}]},{"@type":"WebSite","@id":"https:\/\/erstaunlichsingenlernen.de\/#website","url":"https:\/\/erstaunlichsingenlernen.de\/","name":"Gesangsunterricht M\u00fcnchen","description":"Besser  singen lernen","publisher":{"@id":"https:\/\/erstaunlichsingenlernen.de\/#organization"},"potentialAction":[{"@type":"SearchAction","target":{"@type":"EntryPoint","urlTemplate":"https:\/\/erstaunlichsingenlernen.de\/?s={search_term_string}"},"query-input":{"@type":"PropertyValueSpecification","valueRequired":true,"valueName":"search_term_string"}}],"inLanguage":"de"},{"@type":"Organization","@id":"https:\/\/erstaunlichsingenlernen.de\/#organization","name":"Gesangsunterricht M\u00fcnchen","url":"https:\/\/erstaunlichsingenlernen.de\/","logo":{"@type":"ImageObject","inLanguage":"de","@id":"https:\/\/erstaunlichsingenlernen.de\/#\/schema\/logo\/image\/","url":"","contentUrl":"","caption":"Gesangsunterricht M\u00fcnchen"},"image":{"@id":"https:\/\/erstaunlichsingenlernen.de\/#\/schema\/logo\/image\/"}}]}},"_links":{"self":[{"href":"https:\/\/erstaunlichsingenlernen.de\/index.php?rest_route=\/wp\/v2\/pages\/1355","targetHints":{"allow":["GET"]}}],"collection":[{"href":"https:\/\/erstaunlichsingenlernen.de\/index.php?rest_route=\/wp\/v2\/pages"}],"about":[{"href":"https:\/\/erstaunlichsingenlernen.de\/index.php?rest_route=\/wp\/v2\/types\/page"}],"author":[{"embeddable":true,"href":"https:\/\/erstaunlichsingenlernen.de\/index.php?rest_route=\/wp\/v2\/users\/1"}],"replies":[{"embeddable":true,"href":"https:\/\/erstaunlichsingenlernen.de\/index.php?rest_route=%2Fwp%2Fv2%2Fcomments&post=1355"}],"version-history":[{"count":17,"href":"https:\/\/erstaunlichsingenlernen.de\/index.php?rest_route=\/wp\/v2\/pages\/1355\/revisions"}],"predecessor-version":[{"id":1617,"href":"https:\/\/erstaunlichsingenlernen.de\/index.php?rest_route=\/wp\/v2\/pages\/1355\/revisions\/1617"}],"wp:attachment":[{"href":"https:\/\/erstaunlichsingenlernen.de\/index.php?rest_route=%2Fwp%2Fv2%2Fmedia&parent=1355"}],"curies":[{"name":"wp","href":"https:\/\/api.w.org\/{rel}","templated":true}]}}