{"id":1370,"date":"2022-07-29T12:59:44","date_gmt":"2022-07-29T12:59:44","guid":{"rendered":"https:\/\/gesangunterrichtmuenchen.de\/?page_id=1370"},"modified":"2024-09-13T15:49:08","modified_gmt":"2024-09-13T15:49:08","slug":"horbeispiele","status":"publish","type":"page","link":"https:\/\/erstaunlichsingenlernen.de\/?page_id=1370","title":{"rendered":"H\u00f6rbeispiele"},"content":{"rendered":"\n<h1 class=\"wp-block-heading\"><\/h1>\n\n\n\n<p class=\"has-medium-font-size\">Christoph Dobmeier singt Arien:<\/p>\n\n\n\n<p>Black Orpheus:<\/p>\n\n\n\n<figure class=\"wp-block-audio\"><audio controls src=\"https:\/\/erstaunlichsingenlernen.de\/wp-content\/uploads\/2024\/09\/01-Spur-1-1.mp3\"><\/audio><\/figure>\n\n\n\n<p>H\u00e4ndel: Dettinger Te Deum Bewahr, o Herr:<\/p>\n\n\n\n<figure class=\"wp-block-audio\"><audio controls src=\"https:\/\/erstaunlichsingenlernen.de\/wp-content\/uploads\/2024\/09\/06-Spur-6.mp3\"><\/audio><\/figure>\n\n\n\n<p>Mozart-Requiem: Tuba Mirum:<\/p>\n\n\n\n<figure class=\"wp-block-audio\"><audio controls src=\"https:\/\/erstaunlichsingenlernen.de\/wp-content\/uploads\/2024\/09\/11-Spur-11.mp3\"><\/audio><\/figure>\n","protected":false},"excerpt":{"rendered":"<p>Christoph Dobmeier singt Arien: Black Orpheus: H\u00e4ndel: Dettinger Te Deum Bewahr, o Herr: Mozart-Requiem: Tuba Mirum:<\/p>\n","protected":false},"author":1,"featured_media":0,"parent":0,"menu_order":0,"comment_status":"closed","ping_status":"closed","template":"","meta":{"om_disable_all_campaigns":false,"_monsterinsights_skip_tracking":false,"_monsterinsights_sitenote_active":false,"_monsterinsights_sitenote_note":"","_monsterinsights_sitenote_category":0,"footnotes":""},"class_list":["post-1370","page","type-page","status-publish","hentry"],"yoast_head":"<!-- This site is optimized with the Yoast SEO plugin v27.3 - https:\/\/yoast.com\/product\/yoast-seo-wordpress\/ -->\n<title>H\u00f6rbeispiele - Gesangsunterricht M\u00fcnchen<\/title>\n<meta name=\"description\" content=\"Arien gesungen von Christoph Dobmeier sind auf dieser Seite zu h\u00f6ren: Black Orpheus, Mozart-Requiem, H\u00e4ndel: Dettinger Te Deum\" \/>\n<meta name=\"robots\" content=\"index, follow, max-snippet:-1, max-image-preview:large, max-video-preview:-1\" \/>\n<link rel=\"canonical\" href=\"https:\/\/erstaunlichsingenlernen.de\/?page_id=1370\" \/>\n<meta property=\"og:locale\" content=\"de_DE\" \/>\n<meta property=\"og:type\" content=\"article\" \/>\n<meta property=\"og:title\" content=\"H\u00f6rbeispiele - Gesangsunterricht M\u00fcnchen\" \/>\n<meta property=\"og:description\" content=\"Arien gesungen von Christoph Dobmeier sind auf dieser Seite zu h\u00f6ren: Black Orpheus, Mozart-Requiem, H\u00e4ndel: Dettinger Te Deum\" \/>\n<meta property=\"og:url\" content=\"https:\/\/erstaunlichsingenlernen.de\/?page_id=1370\" \/>\n<meta property=\"og:site_name\" content=\"Gesangsunterricht M\u00fcnchen\" \/>\n<meta property=\"article:modified_time\" content=\"2024-09-13T15:49:08+00:00\" \/>\n<meta name=\"twitter:card\" content=\"summary_large_image\" \/>\n<meta name=\"twitter:label1\" content=\"Gesch\u00e4tzte Lesezeit\" \/>\n\t<meta name=\"twitter:data1\" content=\"1\u00a0Minute\" \/>\n<script type=\"application\/ld+json\" class=\"yoast-schema-graph\">{\"@context\":\"https:\\\/\\\/schema.org\",\"@graph\":[{\"@type\":\"WebPage\",\"@id\":\"https:\\\/\\\/erstaunlichsingenlernen.de\\\/?page_id=1370\",\"url\":\"https:\\\/\\\/erstaunlichsingenlernen.de\\\/?page_id=1370\",\"name\":\"H\u00f6rbeispiele - Gesangsunterricht M\u00fcnchen\",\"isPartOf\":{\"@id\":\"https:\\\/\\\/erstaunlichsingenlernen.de\\\/#website\"},\"datePublished\":\"2022-07-29T12:59:44+00:00\",\"dateModified\":\"2024-09-13T15:49:08+00:00\",\"description\":\"Arien gesungen von Christoph Dobmeier sind auf dieser Seite zu h\u00f6ren: Black Orpheus, Mozart-Requiem, H\u00e4ndel: Dettinger Te Deum\",\"breadcrumb\":{\"@id\":\"https:\\\/\\\/erstaunlichsingenlernen.de\\\/?page_id=1370#breadcrumb\"},\"inLanguage\":\"de\",\"potentialAction\":[{\"@type\":\"ReadAction\",\"target\":[\"https:\\\/\\\/erstaunlichsingenlernen.de\\\/?page_id=1370\"]}]},{\"@type\":\"BreadcrumbList\",\"@id\":\"https:\\\/\\\/erstaunlichsingenlernen.de\\\/?page_id=1370#breadcrumb\",\"itemListElement\":[{\"@type\":\"ListItem\",\"position\":1,\"name\":\"Startseite\",\"item\":\"https:\\\/\\\/erstaunlichsingenlernen.de\\\/\"},{\"@type\":\"ListItem\",\"position\":2,\"name\":\"H\u00f6rbeispiele\"}]},{\"@type\":\"WebSite\",\"@id\":\"https:\\\/\\\/erstaunlichsingenlernen.de\\\/#website\",\"url\":\"https:\\\/\\\/erstaunlichsingenlernen.de\\\/\",\"name\":\"Gesangsunterricht M\u00fcnchen\",\"description\":\"Besser  singen lernen\",\"publisher\":{\"@id\":\"https:\\\/\\\/erstaunlichsingenlernen.de\\\/#organization\"},\"potentialAction\":[{\"@type\":\"SearchAction\",\"target\":{\"@type\":\"EntryPoint\",\"urlTemplate\":\"https:\\\/\\\/erstaunlichsingenlernen.de\\\/?s={search_term_string}\"},\"query-input\":{\"@type\":\"PropertyValueSpecification\",\"valueRequired\":true,\"valueName\":\"search_term_string\"}}],\"inLanguage\":\"de\"},{\"@type\":\"Organization\",\"@id\":\"https:\\\/\\\/erstaunlichsingenlernen.de\\\/#organization\",\"name\":\"Gesangsunterricht M\u00fcnchen\",\"url\":\"https:\\\/\\\/erstaunlichsingenlernen.de\\\/\",\"logo\":{\"@type\":\"ImageObject\",\"inLanguage\":\"de\",\"@id\":\"https:\\\/\\\/erstaunlichsingenlernen.de\\\/#\\\/schema\\\/logo\\\/image\\\/\",\"url\":\"\",\"contentUrl\":\"\",\"caption\":\"Gesangsunterricht M\u00fcnchen\"},\"image\":{\"@id\":\"https:\\\/\\\/erstaunlichsingenlernen.de\\\/#\\\/schema\\\/logo\\\/image\\\/\"}}]}<\/script>\n<!-- \/ Yoast SEO plugin. -->","yoast_head_json":{"title":"H\u00f6rbeispiele - Gesangsunterricht M\u00fcnchen","description":"Arien gesungen von Christoph Dobmeier sind auf dieser Seite zu h\u00f6ren: Black Orpheus, Mozart-Requiem, H\u00e4ndel: Dettinger Te Deum","robots":{"index":"index","follow":"follow","max-snippet":"max-snippet:-1","max-image-preview":"max-image-preview:large","max-video-preview":"max-video-preview:-1"},"canonical":"https:\/\/erstaunlichsingenlernen.de\/?page_id=1370","og_locale":"de_DE","og_type":"article","og_title":"H\u00f6rbeispiele - Gesangsunterricht M\u00fcnchen","og_description":"Arien gesungen von Christoph Dobmeier sind auf dieser Seite zu h\u00f6ren: Black Orpheus, Mozart-Requiem, H\u00e4ndel: Dettinger Te Deum","og_url":"https:\/\/erstaunlichsingenlernen.de\/?page_id=1370","og_site_name":"Gesangsunterricht M\u00fcnchen","article_modified_time":"2024-09-13T15:49:08+00:00","twitter_card":"summary_large_image","twitter_misc":{"Gesch\u00e4tzte Lesezeit":"1\u00a0Minute"},"schema":{"@context":"https:\/\/schema.org","@graph":[{"@type":"WebPage","@id":"https:\/\/erstaunlichsingenlernen.de\/?page_id=1370","url":"https:\/\/erstaunlichsingenlernen.de\/?page_id=1370","name":"H\u00f6rbeispiele - Gesangsunterricht M\u00fcnchen","isPartOf":{"@id":"https:\/\/erstaunlichsingenlernen.de\/#website"},"datePublished":"2022-07-29T12:59:44+00:00","dateModified":"2024-09-13T15:49:08+00:00","description":"Arien gesungen von Christoph Dobmeier sind auf dieser Seite zu h\u00f6ren: Black Orpheus, Mozart-Requiem, H\u00e4ndel: Dettinger Te Deum","breadcrumb":{"@id":"https:\/\/erstaunlichsingenlernen.de\/?page_id=1370#breadcrumb"},"inLanguage":"de","potentialAction":[{"@type":"ReadAction","target":["https:\/\/erstaunlichsingenlernen.de\/?page_id=1370"]}]},{"@type":"BreadcrumbList","@id":"https:\/\/erstaunlichsingenlernen.de\/?page_id=1370#breadcrumb","itemListElement":[{"@type":"ListItem","position":1,"name":"Startseite","item":"https:\/\/erstaunlichsingenlernen.de\/"},{"@type":"ListItem","position":2,"name":"H\u00f6rbeispiele"}]},{"@type":"WebSite","@id":"https:\/\/erstaunlichsingenlernen.de\/#website","url":"https:\/\/erstaunlichsingenlernen.de\/","name":"Gesangsunterricht M\u00fcnchen","description":"Besser  singen lernen","publisher":{"@id":"https:\/\/erstaunlichsingenlernen.de\/#organization"},"potentialAction":[{"@type":"SearchAction","target":{"@type":"EntryPoint","urlTemplate":"https:\/\/erstaunlichsingenlernen.de\/?s={search_term_string}"},"query-input":{"@type":"PropertyValueSpecification","valueRequired":true,"valueName":"search_term_string"}}],"inLanguage":"de"},{"@type":"Organization","@id":"https:\/\/erstaunlichsingenlernen.de\/#organization","name":"Gesangsunterricht M\u00fcnchen","url":"https:\/\/erstaunlichsingenlernen.de\/","logo":{"@type":"ImageObject","inLanguage":"de","@id":"https:\/\/erstaunlichsingenlernen.de\/#\/schema\/logo\/image\/","url":"","contentUrl":"","caption":"Gesangsunterricht M\u00fcnchen"},"image":{"@id":"https:\/\/erstaunlichsingenlernen.de\/#\/schema\/logo\/image\/"}}]}},"_links":{"self":[{"href":"https:\/\/erstaunlichsingenlernen.de\/index.php?rest_route=\/wp\/v2\/pages\/1370","targetHints":{"allow":["GET"]}}],"collection":[{"href":"https:\/\/erstaunlichsingenlernen.de\/index.php?rest_route=\/wp\/v2\/pages"}],"about":[{"href":"https:\/\/erstaunlichsingenlernen.de\/index.php?rest_route=\/wp\/v2\/types\/page"}],"author":[{"embeddable":true,"href":"https:\/\/erstaunlichsingenlernen.de\/index.php?rest_route=\/wp\/v2\/users\/1"}],"replies":[{"embeddable":true,"href":"https:\/\/erstaunlichsingenlernen.de\/index.php?rest_route=%2Fwp%2Fv2%2Fcomments&post=1370"}],"version-history":[{"count":16,"href":"https:\/\/erstaunlichsingenlernen.de\/index.php?rest_route=\/wp\/v2\/pages\/1370\/revisions"}],"predecessor-version":[{"id":1586,"href":"https:\/\/erstaunlichsingenlernen.de\/index.php?rest_route=\/wp\/v2\/pages\/1370\/revisions\/1586"}],"wp:attachment":[{"href":"https:\/\/erstaunlichsingenlernen.de\/index.php?rest_route=%2Fwp%2Fv2%2Fmedia&parent=1370"}],"curies":[{"name":"wp","href":"https:\/\/api.w.org\/{rel}","templated":true}]}}